{"id":739,"date":"2022-12-10T17:42:32","date_gmt":"2022-12-10T16:42:32","guid":{"rendered":"https:\/\/www.mediationloest.at\/?page_id=739"},"modified":"2023-02-22T20:04:39","modified_gmt":"2023-02-22T19:04:39","slug":"was-ist-mediation","status":"publish","type":"page","link":"https:\/\/www.mediationloest.at\/home\/was-ist-mediation\/","title":{"rendered":"Was ist Mediation"},"content":{"rendered":"\t\t<div data-elementor-type=\"wp-page\" data-elementor-id=\"739\" class=\"elementor elementor-739\">\n\t\t\t\t\t\t\t\t\t<section class=\"elementor-section elementor-top-section elementor-element elementor-element-6838e993 elementor-section-boxed elementor-section-height-default elementor-section-height-default\" data-id=\"6838e993\" data-element_type=\"section\">\n\t\t\t\t\t\t<div class=\"elementor-container elementor-column-gap-default\">\n\t\t\t\t\t<div class=\"elementor-column elementor-col-100 elementor-top-column elementor-element elementor-element-e5417c2\" data-id=\"e5417c2\" data-element_type=\"column\">\n\t\t\t<div class=\"elementor-widget-wrap elementor-element-populated\">\n\t\t\t\t\t\t\t\t<div class=\"elementor-element elementor-element-8dd6934 elementor-widget elementor-widget-heading\" data-id=\"8dd6934\" data-element_type=\"widget\" data-widget_type=\"heading.default\">\n\t\t\t\t<div class=\"elementor-widget-container\">\n\t\t\t<style>\/*! elementor - v3.11.2 - 22-02-2023 *\/\n.elementor-heading-title{padding:0;margin:0;line-height:1}.elementor-widget-heading .elementor-heading-title[class*=elementor-size-]>a{color:inherit;font-size:inherit;line-height:inherit}.elementor-widget-heading .elementor-heading-title.elementor-size-small{font-size:15px}.elementor-widget-heading .elementor-heading-title.elementor-size-medium{font-size:19px}.elementor-widget-heading .elementor-heading-title.elementor-size-large{font-size:29px}.elementor-widget-heading .elementor-heading-title.elementor-size-xl{font-size:39px}.elementor-widget-heading .elementor-heading-title.elementor-size-xxl{font-size:59px}<\/style><h1 class=\"elementor-heading-title elementor-size-default\">WAS IST MEDIATION?<\/h1>\t\t<\/div>\n\t\t\t\t<\/div>\n\t\t\t\t<div class=\"elementor-element elementor-element-87568b6 elementor-widget elementor-widget-text-editor\" data-id=\"87568b6\" data-element_type=\"widget\" data-widget_type=\"text-editor.default\">\n\t\t\t\t<div class=\"elementor-widget-container\">\n\t\t\t<style>\/*! elementor - v3.11.2 - 22-02-2023 *\/\n.elementor-widget-text-editor.elementor-drop-cap-view-stacked .elementor-drop-cap{background-color:#818a91;color:#fff}.elementor-widget-text-editor.elementor-drop-cap-view-framed .elementor-drop-cap{color:#818a91;border:3px solid;background-color:transparent}.elementor-widget-text-editor:not(.elementor-drop-cap-view-default) .elementor-drop-cap{margin-top:8px}.elementor-widget-text-editor:not(.elementor-drop-cap-view-default) .elementor-drop-cap-letter{width:1em;height:1em}.elementor-widget-text-editor .elementor-drop-cap{float:left;text-align:center;line-height:1;font-size:50px}.elementor-widget-text-editor .elementor-drop-cap-letter{display:inline-block}<\/style>\t\t\t\t<p><span style=\"color: #282828;\">Mediation ist ein in die Zukunft gerichtetes, freiwilliges, klar strukturiertes Verfahren zur Konfliktbeilegung, bei dem es am Ende keinen Verlierer gibt. Die L\u00f6sung f\u00fcr den Konflikt wird unter Anleitung einer Mediatorin von den Konfliktparteien selbst erarbeitet.<\/span><\/p><p><br \/><span style=\"color: #282828;\">Die Grundhaltungen des Mediators, <strong>Neutralit\u00e4t \u2013 Vertraulichkeit \u2013 Allparteilichkeit,<\/strong> schaffen die Basis f\u00fcr das notwendige Vertrauen zwischen den Medianden und dem Mediator.<\/span><br \/><span style=\"color: #282828;\">Die L\u00f6sung f\u00fcr den Konflikt erfolgt durch einen Interessensausgleich, in dem sich die gemeinsamen Interessen und Bed\u00fcrfnisse der Beteiligten widerspiegeln.<\/span><\/p><p><span style=\"color: #282828;\">Im Gegensatz zu anderen Konfliktbeilegungsverfahren steht die Schuldfrage nicht im Vordergrund.\u00a0<\/span><\/p>\t\t\t\t\t\t<\/div>\n\t\t\t\t<\/div>\n\t\t\t\t<div class=\"elementor-element elementor-element-e5204f8 elementor-widget elementor-widget-image\" data-id=\"e5204f8\" data-element_type=\"widget\" data-widget_type=\"image.default\">\n\t\t\t\t<div class=\"elementor-widget-container\">\n\t\t\t<style>\/*! elementor - v3.11.2 - 22-02-2023 *\/\n.elementor-widget-image{text-align:center}.elementor-widget-image a{display:inline-block}.elementor-widget-image a img[src$=\".svg\"]{width:48px}.elementor-widget-image img{vertical-align:middle;display:inline-block}<\/style>\t\t\t\t\t\t\t\t\t\t\t\t<img decoding=\"async\" width=\"1020\" height=\"322\" src=\"https:\/\/www.mediationloest.at\/wp-content\/uploads\/2023\/02\/Shutterstock_2031803234-1400x442.png\" class=\"attachment-large size-large wp-image-2612\" alt=\"\" srcset=\"https:\/\/www.mediationloest.at\/wp-content\/uploads\/2023\/02\/Shutterstock_2031803234-1400x442.png 1400w, https:\/\/www.mediationloest.at\/wp-content\/uploads\/2023\/02\/Shutterstock_2031803234-800x253.png 800w, https:\/\/www.mediationloest.at\/wp-content\/uploads\/2023\/02\/Shutterstock_2031803234-768x243.png 768w, https:\/\/www.mediationloest.at\/wp-content\/uploads\/2023\/02\/Shutterstock_2031803234-1536x485.png 1536w, https:\/\/www.mediationloest.at\/wp-content\/uploads\/2023\/02\/Shutterstock_2031803234-2048x647.png 2048w, https:\/\/www.mediationloest.at\/wp-content\/uploads\/2023\/02\/Shutterstock_2031803234.png 1920w\" sizes=\"(max-width: 1020px) 100vw, 1020px\" \/>\t\t\t\t\t\t\t\t\t\t\t\t\t\t\t<\/div>\n\t\t\t\t<\/div>\n\t\t\t\t\t<\/div>\n\t\t<\/div>\n\t\t\t\t\t\t\t<\/div>\n\t\t<\/section>\n\t\t\t\t\t\t\t<\/div>\n\t\t","protected":false},"excerpt":{"rendered":"<p>WAS IST MEDIATION? Mediation ist ein in die Zukunft gerichtetes, freiwilliges, klar strukturiertes Verfahren zur Konfliktbeilegung, bei dem es am Ende keinen Verlierer gibt. Die L\u00f6sung f\u00fcr den Konflikt wird unter Anleitung einer Mediatorin von den Konfliktparteien selbst erarbeitet. Die Grundhaltungen des Mediators, Neutralit\u00e4t \u2013 Vertraulichkeit \u2013 Allparteilichkeit, schaffen die Basis f\u00fcr das notwendige Vertrauen [&#8230;]\n","protected":false},"author":1,"featured_media":0,"parent":0,"menu_order":0,"comment_status":"closed","ping_status":"closed","template":"","meta":[],"_links":{"self":[{"href":"https:\/\/www.mediationloest.at\/home\/wp-json\/wp\/v2\/pages\/739"}],"collection":[{"href":"https:\/\/www.mediationloest.at\/home\/wp-json\/wp\/v2\/pages"}],"about":[{"href":"https:\/\/www.mediationloest.at\/home\/wp-json\/wp\/v2\/types\/page"}],"author":[{"embeddable":true,"href":"https:\/\/www.mediationloest.at\/home\/wp-json\/wp\/v2\/users\/1"}],"replies":[{"embeddable":true,"href":"https:\/\/www.mediationloest.at\/home\/wp-json\/wp\/v2\/comments?post=739"}],"version-history":[{"count":10,"href":"https:\/\/www.mediationloest.at\/home\/wp-json\/wp\/v2\/pages\/739\/revisions"}],"predecessor-version":[{"id":2646,"href":"https:\/\/www.mediationloest.at\/home\/wp-json\/wp\/v2\/pages\/739\/revisions\/2646"}],"wp:attachment":[{"href":"https:\/\/www.mediationloest.at\/home\/wp-json\/wp\/v2\/media?parent=739"}],"curies":[{"name":"wp","href":"https:\/\/api.w.org\/{rel}","templated":true}]}}