{"id":720,"date":"2022-12-10T17:35:48","date_gmt":"2022-12-10T16:35:48","guid":{"rendered":"https:\/\/www.mediationloest.at\/?page_id=720"},"modified":"2025-01-14T08:00:11","modified_gmt":"2025-01-14T07:00:11","slug":"kontaktieren-sie-uns","status":"publish","type":"page","link":"https:\/\/www.mediationloest.at\/home\/kontaktieren-sie-uns\/","title":{"rendered":"Kontaktieren Sie uns"},"content":{"rendered":"\t\t<div data-elementor-type=\"wp-page\" data-elementor-id=\"720\" class=\"elementor elementor-720\">\n\t\t\t\t\t\t\t<div class=\"elementor-element elementor-element-84259f5 e-con-boxed e-con\" data-id=\"84259f5\" data-element_type=\"container\" data-settings=\"{&quot;content_width&quot;:&quot;boxed&quot;}\">\n\t\t\t\t\t<div class=\"e-con-inner\">\n\t\t<div class=\"elementor-element elementor-element-cf392fe e-con-full e-con\" data-id=\"cf392fe\" data-element_type=\"container\" data-settings=\"{&quot;content_width&quot;:&quot;full&quot;}\">\n\t\t\t\t<\/div>\n\t\t<div class=\"elementor-element elementor-element-32b04ef e-con-full e-con\" data-id=\"32b04ef\" data-element_type=\"container\" data-settings=\"{&quot;content_width&quot;:&quot;full&quot;}\">\n\t\t\t\t<div class=\"elementor-element elementor-element-3785cc6 elementor-widget elementor-widget-image\" data-id=\"3785cc6\" data-element_type=\"widget\" data-widget_type=\"image.default\">\n\t\t\t\t<div class=\"elementor-widget-container\">\n\t\t\t<style>\/*! elementor - v3.11.2 - 22-02-2023 *\/\n.elementor-widget-image{text-align:center}.elementor-widget-image a{display:inline-block}.elementor-widget-image a img[src$=\".svg\"]{width:48px}.elementor-widget-image img{vertical-align:middle;display:inline-block}<\/style>\t\t\t\t\t\t\t\t\t\t\t\t<img decoding=\"async\" width=\"715\" height=\"800\" src=\"https:\/\/www.mediationloest.at\/wp-content\/uploads\/2023\/01\/Ebene-1-715x800.png\" class=\"attachment-large size-large wp-image-2073\" alt=\"\" srcset=\"https:\/\/www.mediationloest.at\/wp-content\/uploads\/2023\/01\/Ebene-1-715x800.png 715w, https:\/\/www.mediationloest.at\/wp-content\/uploads\/2023\/01\/Ebene-1-358x400.png 358w, https:\/\/www.mediationloest.at\/wp-content\/uploads\/2023\/01\/Ebene-1-768x859.png 768w, https:\/\/www.mediationloest.at\/wp-content\/uploads\/2023\/01\/Ebene-1-1373x1536.png 1373w\" sizes=\"(max-width: 715px) 100vw, 715px\" \/>\t\t\t\t\t\t\t\t\t\t\t\t\t\t\t<\/div>\n\t\t\t\t<\/div>\n\t\t\t\t<\/div>\n\t\t<div class=\"elementor-element elementor-element-9f3c10a e-con-full e-con\" data-id=\"9f3c10a\" data-element_type=\"container\" data-settings=\"{&quot;content_width&quot;:&quot;full&quot;}\">\n\t\t\t\t<\/div>\n\t\t\t\t\t<\/div>\n\t\t\t\t<\/div>\n\t\t\t\t<section class=\"elementor-section elementor-top-section elementor-element elementor-element-29a83e06 elementor-section-height-min-height elementor-section-items-top elementor-section-content-top elementor-section-boxed elementor-section-height-default\" data-id=\"29a83e06\" data-element_type=\"section\">\n\t\t\t\t\t\t<div class=\"elementor-container elementor-column-gap-default\">\n\t\t\t\t\t<div class=\"elementor-column elementor-col-100 elementor-top-column elementor-element elementor-element-1cbf50ba\" data-id=\"1cbf50ba\" data-element_type=\"column\">\n\t\t\t<div class=\"elementor-widget-wrap elementor-element-populated\">\n\t\t\t\t\t\t\t\t<div class=\"elementor-element elementor-element-3512440 elementor-widget elementor-widget-heading\" data-id=\"3512440\" data-element_type=\"widget\" data-widget_type=\"heading.default\">\n\t\t\t\t<div class=\"elementor-widget-container\">\n\t\t\t<style>\/*! elementor - v3.11.2 - 22-02-2023 *\/\n.elementor-heading-title{padding:0;margin:0;line-height:1}.elementor-widget-heading .elementor-heading-title[class*=elementor-size-]>a{color:inherit;font-size:inherit;line-height:inherit}.elementor-widget-heading .elementor-heading-title.elementor-size-small{font-size:15px}.elementor-widget-heading .elementor-heading-title.elementor-size-medium{font-size:19px}.elementor-widget-heading .elementor-heading-title.elementor-size-large{font-size:29px}.elementor-widget-heading .elementor-heading-title.elementor-size-xl{font-size:39px}.elementor-widget-heading .elementor-heading-title.elementor-size-xxl{font-size:59px}<\/style><h1 class=\"elementor-heading-title elementor-size-default\">MEDIATION L\u00d6ST AUCH IHREN KONFLIKT<\/h1>\t\t<\/div>\n\t\t\t\t<\/div>\n\t\t\t\t<div class=\"elementor-element elementor-element-7381ccfa elementor-widget elementor-widget-text-editor\" data-id=\"7381ccfa\" data-element_type=\"widget\" data-widget_type=\"text-editor.default\">\n\t\t\t\t<div class=\"elementor-widget-container\">\n\t\t\t<style>\/*! elementor - v3.11.2 - 22-02-2023 *\/\n.elementor-widget-text-editor.elementor-drop-cap-view-stacked .elementor-drop-cap{background-color:#818a91;color:#fff}.elementor-widget-text-editor.elementor-drop-cap-view-framed .elementor-drop-cap{color:#818a91;border:3px solid;background-color:transparent}.elementor-widget-text-editor:not(.elementor-drop-cap-view-default) .elementor-drop-cap{margin-top:8px}.elementor-widget-text-editor:not(.elementor-drop-cap-view-default) .elementor-drop-cap-letter{width:1em;height:1em}.elementor-widget-text-editor .elementor-drop-cap{float:left;text-align:center;line-height:1;font-size:50px}.elementor-widget-text-editor .elementor-drop-cap-letter{display:inline-block}<\/style>\t\t\t\t<p><span style=\"color: #000000; font-size: 100%;\">Kontaktieren Sie uns und finden Sie heraus, ob Mediation ein f\u00fcr Ihren Konflikt geeignetes Verfahren ist.<\/span><\/p><p><span style=\"color: #000000; font-size: 100%;\">Wir informieren Sie gerne und sind Ihnen bei der Auswahl der f\u00fcr Sie passenden Mediator:in behilflich.<\/span><br \/><span style=\"color: #000000; font-size: 100%;\">Alle Informationen \u00fcber unsere Mediator:innen finden Sie auch in der <strong><a href=\"https:\/\/www.mediationloest.at\/home\/mediatorinnensuche\/\">MediatorInnensuche<\/a><\/strong>.<\/span><\/p>\t\t\t\t\t\t<\/div>\n\t\t\t\t<\/div>\n\t\t\t\t<section class=\"elementor-section elementor-inner-section elementor-element elementor-element-9db8e9c elementor-section-boxed elementor-section-height-default elementor-section-height-default\" data-id=\"9db8e9c\" data-element_type=\"section\">\n\t\t\t\t\t\t<div class=\"elementor-container elementor-column-gap-default\">\n\t\t\t\t\t<div class=\"elementor-column elementor-col-50 elementor-inner-column elementor-element elementor-element-e518afd\" data-id=\"e518afd\" data-element_type=\"column\">\n\t\t\t<div class=\"elementor-widget-wrap elementor-element-populated\">\n\t\t\t\t\t\t\t\t<div class=\"elementor-element elementor-element-ac44592 elementor-widget elementor-widget-text-editor\" data-id=\"ac44592\" data-element_type=\"widget\" data-widget_type=\"text-editor.default\">\n\t\t\t\t<div class=\"elementor-widget-container\">\n\t\t\t\t\t\t\t<p style=\"text-align: center;\"><a href=\"mailto:\u00a0info@mediationloest.at\"><img decoding=\"async\" class=\"alignnone wp-image-1212\" src=\"https:\/\/www.mediationloest.at\/wp-content\/uploads\/2022\/12\/mail_FILL0_wght400_GRAD0_opsz48.svg\" alt=\"\" width=\"37\" height=\"37\" \/><\/a>\u00a0\u00a0<a href=\"mailto:info@mediationloest.at\"><span style=\"color: #000000;\">info@mediationloest.at<\/span><\/a><\/p>\t\t\t\t\t\t<\/div>\n\t\t\t\t<\/div>\n\t\t\t\t\t<\/div>\n\t\t<\/div>\n\t\t\t\t<div class=\"elementor-column elementor-col-50 elementor-inner-column elementor-element elementor-element-9b49f23\" data-id=\"9b49f23\" data-element_type=\"column\">\n\t\t\t<div class=\"elementor-widget-wrap elementor-element-populated\">\n\t\t\t\t\t\t\t\t<div class=\"elementor-element elementor-element-1d24b08 elementor-widget elementor-widget-text-editor\" data-id=\"1d24b08\" data-element_type=\"widget\" data-widget_type=\"text-editor.default\">\n\t\t\t\t<div class=\"elementor-widget-container\">\n\t\t\t\t\t\t\t<p style=\"text-align: center;\"><img decoding=\"async\" class=\"alignnone wp-image-1213\" src=\"https:\/\/www.mediationloest.at\/wp-content\/uploads\/2022\/12\/call_FILL0_wght400_GRAD0_opsz48.svg\" alt=\"\" width=\"36\" height=\"36\" \/>\u00a0<span style=\"color: #000000;\"> +43 (0) 670 650 1372<\/span><\/p>\t\t\t\t\t\t<\/div>\n\t\t\t\t<\/div>\n\t\t\t\t\t<\/div>\n\t\t<\/div>\n\t\t\t\t\t\t\t<\/div>\n\t\t<\/section>\n\t\t\t\t\t<\/div>\n\t\t<\/div>\n\t\t\t\t\t\t\t<\/div>\n\t\t<\/section>\n\t\t\t\t\t\t\t<\/div>\n\t\t","protected":false},"excerpt":{"rendered":"<p>MEDIATION L\u00d6ST AUCH IHREN KONFLIKT Kontaktieren Sie uns und finden Sie heraus, ob Mediation ein f\u00fcr Ihren Konflikt geeignetes Verfahren ist. Wir informieren Sie gerne und sind Ihnen bei der Auswahl der f\u00fcr Sie passenden Mediator:in behilflich. Alle Informationen \u00fcber unsere Mediator:innen finden Sie auch in der MediatorInnensuche. \u00a0\u00a0info@mediationloest.at \u00a0 +43 (0) 670 650 1372<\/p>\n","protected":false},"author":1,"featured_media":0,"parent":0,"menu_order":0,"comment_status":"closed","ping_status":"closed","template":"","meta":[],"_links":{"self":[{"href":"https:\/\/www.mediationloest.at\/home\/wp-json\/wp\/v2\/pages\/720"}],"collection":[{"href":"https:\/\/www.mediationloest.at\/home\/wp-json\/wp\/v2\/pages"}],"about":[{"href":"https:\/\/www.mediationloest.at\/home\/wp-json\/wp\/v2\/types\/page"}],"author":[{"embeddable":true,"href":"https:\/\/www.mediationloest.at\/home\/wp-json\/wp\/v2\/users\/1"}],"replies":[{"embeddable":true,"href":"https:\/\/www.mediationloest.at\/home\/wp-json\/wp\/v2\/comments?post=720"}],"version-history":[{"count":11,"href":"https:\/\/www.mediationloest.at\/home\/wp-json\/wp\/v2\/pages\/720\/revisions"}],"predecessor-version":[{"id":2896,"href":"https:\/\/www.mediationloest.at\/home\/wp-json\/wp\/v2\/pages\/720\/revisions\/2896"}],"wp:attachment":[{"href":"https:\/\/www.mediationloest.at\/home\/wp-json\/wp\/v2\/media?parent=720"}],"curies":[{"name":"wp","href":"https:\/\/api.w.org\/{rel}","templated":true}]}}