{"id":712,"date":"2022-12-10T17:34:40","date_gmt":"2022-12-10T16:34:40","guid":{"rendered":"https:\/\/www.mediationloest.at\/?page_id=712"},"modified":"2024-11-20T09:08:56","modified_gmt":"2024-11-20T08:08:56","slug":"ablauf","status":"publish","type":"page","link":"https:\/\/www.mediationloest.at\/home\/ablauf\/","title":{"rendered":"Ablauf"},"content":{"rendered":"<div class=\"row align-center\"  id=\"row-487330122\">\n\n\t<div id=\"col-1981935429\" class=\"col medium-9 small-12 large-8\"  >\n\t\t\t\t<div class=\"col-inner\"  >\n\t\t\t\n\t\t\t\n<h2 class=\"uppercase\" style=\"text-align: center;\"><span style=\"font-size: 34px;\">Die 5 phasen einer mediation<\/span><\/h2>\n<h3 class=\"thin-font\"><\/h3>\n\t\t<\/div>\n\t\t\t\t\t<\/div>\n\n\t\n<\/div>\n<div class=\"row row-collapse align-center\"  id=\"row-1105980701\">\n\n\t<div id=\"col-1293542885\" class=\"col medium-12 small-12 large-12\"  >\n\t\t\t\t<div class=\"col-inner\"  >\n\t\t\t\n\t\t\t\n<div class=\"row\"  id=\"row-935006775\">\n\n\t<div id=\"col-933745372\" class=\"col medium-4 small-12 large-4\"  >\n\t\t\t\t<div class=\"col-inner text-left\"  >\n\t\t\t\n\t\t\t\n\t<div id=\"text-2095046309\" class=\"text\">\n\t\t\n<p class=\"alt-font\"><span style=\"font-size: 150%;\"><strong>Du verstehst mich sowieso nicht \u2026<\/strong><\/span><\/p>\n\t\t\n<style>\n#text-2095046309 {\n  text-align: center;\n}\n<\/style>\n\t<\/div>\n\t\n\t\t<\/div>\n\t\t\t\t\t<\/div>\n\n\t\n\n\t<div id=\"col-1256947622\" class=\"col medium-3 small-12 large-3\"  >\n\t\t\t\t<div class=\"col-inner\"  >\n\t\t\t\n\t\t\t\n\t<div class=\"img has-hover x md-x lg-x y md-y lg-y\" id=\"image_1527141796\">\n\t\t\t\t\t\t\t\t<div class=\"img-inner dark\" >\n\t\t\t<img width=\"455\" height=\"285\" src=\"https:\/\/www.mediationloest.at\/wp-content\/uploads\/2023\/01\/pikto01-e1674672555208.png\" class=\"attachment-large size-large\" alt=\"\" decoding=\"async\" \/>\t\t\t\t\t\t\n\t\t\t\t\t<\/div>\n\t\t\t\t\t\t\t\t\n<style>\n#image_1527141796 {\n  width: 100%;\n}\n<\/style>\n\t<\/div>\n\t\n\t\t<\/div>\n\t\t\t\t\t<\/div>\n\n\t\n\n\t<div id=\"col-1926109491\" class=\"col medium-4 small-12 large-4\"  >\n\t\t\t\t<div class=\"col-inner\"  >\n\t\t\t\n\t\t\t\n\t<div id=\"text-272851047\" class=\"text\">\n\t\t\n<p class=\"alt-font\"><span style=\"font-size: 150%;\"><strong>Mit dir reden ist sinnlos \u2026<\/strong><\/span><\/p>\n\t\t\n<style>\n#text-272851047 {\n  text-align: center;\n}\n<\/style>\n\t<\/div>\n\t\n\t\t<\/div>\n\t\t\t\t\t<\/div>\n\n\t\n<\/div>\n\t<div id=\"text-2134155339\" class=\"text\">\n\t\t\n<h2 style=\"text-align: center;\">Phase 1 \u2013 der Einstieg<\/h2>\n\t\t\n<style>\n#text-2134155339 {\n  font-size: 1.5rem;\n}\n@media (min-width:550px) {\n  #text-2134155339 {\n    font-size: 1.25rem;\n  }\n}\n@media (min-width:850px) {\n  #text-2134155339 {\n    font-size: 1.25rem;\n  }\n}\n<\/style>\n\t<\/div>\n\t\n\t\t<\/div>\n\t\t\t\t\t<\/div>\n\n\t\n<\/div>\n<p style=\"font-weight: 400; text-align: left;\">In einem Erstgespr\u00e4ch lernen sich die Mediand:innen und der Mediator kennen. <strong>Wichtig<\/strong> dabei ist herauszufinden, ob Medianden und Mediatoren zusammenarbeiten k\u00f6nnen und wollen.<\/p>\n<p style=\"font-weight: 400; text-align: left;\">Danach werden die Erwartungen an die Mediation gekl\u00e4rt und festgestellt, ob eine Mediation der geeignete Prozess zur Konfliktbeilegung sein kann. Der\/die Mediator:in<strong>\u00a0erkl\u00e4rt den Ablauf<\/strong>, die Rahmenbedingungen (genauer Auftrag, Kosten, Dauer, etc.) und erstellt darauf basierend einen Mediationsvertrag. Hier wird auch entschieden, ob eine einzelne Mediatorin den Weg der Konfliktl\u00f6sung begleitet oder ob daf\u00fcr mehrere Mediator:innen notwendig sind, beispielsweise weil es eine gr\u00f6\u00dfere Anzahl an Beteiligten im Konflikt gibt.<\/p>\n<div class=\"row\"  id=\"row-169287066\">\n\n\t<div id=\"col-608401909\" class=\"col medium-4 small-12 large-4\"  >\n\t\t\t\t<div class=\"col-inner\"  >\n\t\t\t\n\t\t\t\n\t\t<\/div>\n\t\t\t\t\t<\/div>\n\n\t\n<\/div>\n\t<div id=\"gap-319757434\" class=\"gap-element clearfix\" style=\"display:block; height:auto;\">\n\t\t\n<style>\n#gap-319757434 {\n  padding-top: 30px;\n}\n<\/style>\n\t<\/div>\n\t\n<div class=\"row row-collapse align-center\"  id=\"row-1925462578\">\n\n\t<div id=\"col-398569360\" class=\"col medium-12 small-12 large-12\"  >\n\t\t\t\t<div class=\"col-inner\"  >\n\t\t\t\n\t\t\t\n<div class=\"row\"  id=\"row-71387627\">\n\n\t<div id=\"col-391316634\" class=\"col medium-4 small-12 large-4\"  >\n\t\t\t\t<div class=\"col-inner text-left\"  >\n\t\t\t\n\t\t\t\n\t<div id=\"text-2831715188\" class=\"text\">\n\t\t\n<p class=\"alt-font\"><strong><span style=\"font-size: 150%;\">Ich h\u00f6re immer nur Anschuldigungen.<\/span><\/strong><\/p>\n\t\t\n<style>\n#text-2831715188 {\n  text-align: center;\n}\n<\/style>\n\t<\/div>\n\t\n\t\t<\/div>\n\t\t\t\t\t<\/div>\n\n\t\n\n\t<div id=\"col-734823892\" class=\"col medium-3 small-12 large-3\"  >\n\t\t\t\t<div class=\"col-inner\"  >\n\t\t\t\n\t\t\t\n\t<div class=\"img has-hover x md-x lg-x y md-y lg-y\" id=\"image_215944457\">\n\t\t\t\t\t\t\t\t<div class=\"img-inner dark\" >\n\t\t\t<img width=\"475\" height=\"362\" src=\"https:\/\/www.mediationloest.at\/wp-content\/uploads\/2023\/01\/pikto02-e1674672538240.png\" class=\"attachment-large size-large\" alt=\"\" decoding=\"async\" \/>\t\t\t\t\t\t\n\t\t\t\t\t<\/div>\n\t\t\t\t\t\t\t\t\n<style>\n#image_215944457 {\n  width: 94%;\n}\n<\/style>\n\t<\/div>\n\t\n\t\t<\/div>\n\t\t\t\t\t<\/div>\n\n\t\n\n\t<div id=\"col-402395592\" class=\"col medium-5 small-12 large-5\"  >\n\t\t\t\t<div class=\"col-inner\"  >\n\t\t\t\n\t\t\t\n\t<div id=\"text-545293486\" class=\"text\">\n\t\t\n<p class=\"alt-font\"><span style=\"font-size: 150%;\"><strong>Wie es mir geht, interessiert keinen.<\/strong><\/span><\/p>\n\t\t\n<style>\n#text-545293486 {\n  text-align: center;\n}\n<\/style>\n\t<\/div>\n\t\n\t\t<\/div>\n\t\t\t\t\t<\/div>\n\n\t\n<\/div>\n\t<div id=\"text-1635513288\" class=\"text\">\n\t\t\n<h2 style=\"text-align: center;\">&lt;span;&#8220;&gt;Phase 2 \u2013 Falldarstellung und Themensammlung<\/h2>\n\t\t\n<style>\n#text-1635513288 {\n  font-size: 1.25rem;\n}\n<\/style>\n\t<\/div>\n\t\n\t\t<\/div>\n\t\t\t\t\t<\/div>\n\n\t\n<\/div>\n<p style=\"font-weight: 400; text-align: left;\">Die Medianden stellen ihre jeweilige <strong>Sichtweise<\/strong> dar. In dieser Phase kommen alle Beteiligten ausf\u00fchrlich zu Wort und k\u00f6nnen ihre Standpunkte schildern. Die Mediatorin steuert die Kommunikation.\u00a0Sie versucht genau zu erfassen, worum es in diesem Konflikt geht, stellt Verst\u00e4ndnisfragen und fasst das Wesentliche zusammen.<\/p>\n<p style=\"font-weight: 400; text-align: left;\">Die Medianden erhalten nacheinander die M\u00f6glichkeit, die Themen darzulegen, die ihnen besonders wichtig sind. Diese werden in Form einer <strong>Themenliste<\/strong> festgehalten und gemeinsam priorisiert.<\/p>\n<div class=\"row row-collapse align-center\"  id=\"row-1140403416\">\n\n\t<div id=\"col-1555391430\" class=\"col medium-12 small-12 large-12\"  >\n\t\t\t\t<div class=\"col-inner\"  >\n\t\t\t\n\t\t\t\n<div class=\"row\"  id=\"row-803142531\">\n\n\t<div id=\"col-464353479\" class=\"col medium-4 small-12 large-4\"  >\n\t\t\t\t<div class=\"col-inner\"  >\n\t\t\t\n\t\t\t\n\t\t<\/div>\n\t\t\t\t\t<\/div>\n\n\t\n<\/div>\n<div class=\"row\"  id=\"row-971276722\">\n\n\t<div id=\"col-1140292185\" class=\"col medium-4 small-12 large-4\"  >\n\t\t\t\t<div class=\"col-inner text-left\"  >\n\t\t\t\n\t\t\t\n\t<div id=\"text-648539026\" class=\"text\">\n\t\t\n<p class=\"alt-font\"><span style=\"font-size: 150%;\"><strong>Oh\u2026 darum geht es dir?<\/strong><\/span><\/p>\n\t\t\n<style>\n#text-648539026 {\n  text-align: center;\n}\n<\/style>\n\t<\/div>\n\t\n\t\t<\/div>\n\t\t\t\t\t<\/div>\n\n\t\n\n\t<div id=\"col-1114761294\" class=\"col medium-3 small-12 large-3\"  >\n\t\t\t\t<div class=\"col-inner\"  >\n\t\t\t\n\t\t\t\n\t<div class=\"img has-hover x md-x lg-x y md-y lg-y\" id=\"image_105747685\">\n\t\t\t\t\t\t\t\t<div class=\"img-inner dark\" >\n\t\t\t<img width=\"539\" height=\"362\" src=\"https:\/\/www.mediationloest.at\/wp-content\/uploads\/2023\/01\/pikto03-e1674672517352.png\" class=\"attachment-large size-large\" alt=\"\" decoding=\"async\" \/>\t\t\t\t\t\t\n\t\t\t\t\t<\/div>\n\t\t\t\t\t\t\t\t\n<style>\n#image_105747685 {\n  width: 100%;\n}\n<\/style>\n\t<\/div>\n\t\n\t\t<\/div>\n\t\t\t\t\t<\/div>\n\n\t\n\n\t<div id=\"col-119657806\" class=\"col medium-5 small-12 large-5\"  >\n\t\t\t\t<div class=\"col-inner\"  >\n\t\t\t\n\t\t\t\n\t<div id=\"text-1438060585\" class=\"text\">\n\t\t\n<p class=\"alt-font\"><strong><span style=\"font-size: 150%;\">Ich verstehe, so siehst du das also?<\/span><\/strong><\/p>\n\t\t\n<style>\n#text-1438060585 {\n  text-align: center;\n}\n<\/style>\n\t<\/div>\n\t\n\t\t<\/div>\n\t\t\t\t\t<\/div>\n\n\t\n<\/div>\n\t<div id=\"text-1149806037\" class=\"text\">\n\t\t\n<h2 style=\"text-align: center;\">Phase 3 \u2013 Konflikterhellung<\/h2>\n\t\t\n<style>\n#text-1149806037 {\n  font-size: 1.25rem;\n}\n<\/style>\n\t<\/div>\n\t\n\t\t<\/div>\n\t\t\t\t\t<\/div>\n\n\t\n<\/div>\n<p style=\"font-weight: 400; text-align: left;\"><strong>Was liegt diesem Konflikt genau zu Grunde?<\/strong> Diese Frage steht in Phase 3 im Mittelpunkt.<\/p>\n<p style=\"font-weight: 400; text-align: left;\">Es gilt herauszuarbeiten, was sich \u201eunter der Oberfl\u00e4che\u201c abspielt. Welche Interessen und Bed\u00fcrfnisse liegen hinter den Standpunkten der Beteiligten? Ein darauffolgender Abgleich beider Seiten schafft Klarheit. Gemeinsam wird festgelegt, welches Thema zuerst bearbeitet werden soll.<\/p>\n<p style=\"font-weight: 400; text-align: left;\">Die Mediator:innen steuern diesen Prozess durch gezielte Fragestellungen, aktives Zuh\u00f6ren und Reflektieren.\u00a0<strong>Ziel<\/strong> dieser Phase ist ein erster <strong>Verst\u00e4ndnisaufbau<\/strong> zwischen den Mediand:innen, um damit Schritt f\u00fcr Schritt die direkte Kommunikation zwischen den Konfliktparteien (wieder) herzustellen.<\/p>\n<div class=\"row align-center\"  id=\"row-98373770\">\n\n\t<div id=\"col-1397998728\" class=\"col medium-12 small-12 large-8\"  >\n\t\t\t\t<div class=\"col-inner\"  >\n\t\t\t\n\t\t\t\n\t\t<\/div>\n\t\t\t\t\t<\/div>\n\n\t\n<\/div>\n<div class=\"row row-collapse align-center\"  id=\"row-654767715\">\n\n\t<div id=\"col-565092412\" class=\"col medium-12 small-12 large-12\"  >\n\t\t\t\t<div class=\"col-inner\"  >\n\t\t\t\n\t\t\t\n<div class=\"row\"  id=\"row-850050017\">\n\n\t<div id=\"col-1420765915\" class=\"col medium-4 small-12 large-4\"  >\n\t\t\t\t<div class=\"col-inner text-left\"  >\n\t\t\t\n\t\t\t\n\t<div id=\"text-933489640\" class=\"text\">\n\t\t\n<p class=\"alt-font\"><span style=\"font-size: 150%;\"><strong>Das verstehe ich. Lass uns reden.<\/strong><\/span><\/p>\n\t\t\n<style>\n#text-933489640 {\n  text-align: center;\n}\n<\/style>\n\t<\/div>\n\t\n\t\t<\/div>\n\t\t\t\t\t<\/div>\n\n\t\n\n\t<div id=\"col-142745524\" class=\"col medium-3 small-12 large-3\"  >\n\t\t\t\t<div class=\"col-inner\"  >\n\t\t\t\n\t\t\t\n\t<div class=\"img has-hover x md-x lg-x y md-y lg-y\" id=\"image_814988874\">\n\t\t\t\t\t\t\t\t<div class=\"img-inner dark\" >\n\t\t\t<img width=\"455\" height=\"369\" src=\"https:\/\/www.mediationloest.at\/wp-content\/uploads\/2023\/01\/pikto04-e1674672498632.png\" class=\"attachment-large size-large\" alt=\"\" decoding=\"async\" \/>\t\t\t\t\t\t\n\t\t\t\t\t<\/div>\n\t\t\t\t\t\t\t\t\n<style>\n#image_814988874 {\n  width: 100%;\n}\n<\/style>\n\t<\/div>\n\t\n\t\t<\/div>\n\t\t\t\t\t<\/div>\n\n\t\n\n\t<div id=\"col-1806289629\" class=\"col medium-5 small-12 large-5\"  >\n\t\t\t\t<div class=\"col-inner\"  >\n\t\t\t\n\t\t\t\n\t<div id=\"text-784827440\" class=\"text\">\n\t\t\n<p class=\"alt-font\"><span style=\"font-size: 150%;\"><strong>Ja, reden wir nochmal dar\u00fcber.<\/strong><\/span><\/p>\n\t\t\n<style>\n#text-784827440 {\n  text-align: center;\n}\n<\/style>\n\t<\/div>\n\t\n\t\t<\/div>\n\t\t\t\t\t<\/div>\n\n\t\n<\/div>\n\t<div id=\"text-2459957657\" class=\"text\">\n\t\t\n<h2 style=\"text-align: center;\">Phase 4 \u2013 L\u00f6sungsfindung<\/h2>\n\t\t\n<style>\n#text-2459957657 {\n  font-size: 1.25rem;\n}\n<\/style>\n\t<\/div>\n\t\n\t\t<\/div>\n\t\t\t\t\t<\/div>\n\n\t\n<\/div>\n<p style=\"font-weight: 400; text-align: left;\">In dieser Phase der Mediation geht es um die Erarbeitung <strong>gemeinsamer L\u00f6sungen<\/strong> f\u00fcr die vorher festgelegten Kernthemen. Es besteht bereits wieder die Bereitschaft bzw. das Interesse der Mediandinnen, miteinander zu kommunizieren und die Kernthemen gemeinsam zu l\u00f6sen.\u00a0Die\u00a0<strong>Mediatorinnen unterst\u00fctzen<\/strong>\u00a0sie dabei durch ein zielgerichtetes Brainstorming sowie zukunfts- und l\u00f6sungsorientierte Fragestellungen. Schritt f\u00fcr Schritt entwickeln die Konfliktparteien L\u00f6sungen, welche den Bed\u00fcrfnissen aller Mediandinnen entsprechen.<\/p>\n<p style=\"font-weight: 400; text-align: left;\"><em>Was ist m\u00f6glich? Was ist denkbar? Was ist umsetzbar?<\/em><\/p>\n<p style=\"font-weight: 400; text-align: left;\">Ein <strong>Interessensausgleich<\/strong> wird angestrebt. Eine Win-Win-Situation ist das Ziel.\u00a0Nat\u00fcrlich kann es vorkommen, dass der eine oder andere Punkt nicht im ersten Anlauf zufriedenstellend gel\u00f6st wird. In diesem Fall ist es sinnvoll, nochmals einen Schritt zur\u00fcckzugehen.<\/p>\n<div class=\"row align-center\"  id=\"row-1304725725\">\n\n\t<div id=\"col-943673211\" class=\"col medium-12 small-12 large-8\"  >\n\t\t\t\t<div class=\"col-inner\"  >\n\t\t\t\n\t\t\t\n\t\t<\/div>\n\t\t\t\t\t<\/div>\n\n\t\n<\/div>\n<div class=\"row row-collapse align-center\"  id=\"row-321100483\">\n\n\t<div id=\"col-1069881773\" class=\"col medium-12 small-12 large-12\"  >\n\t\t\t\t<div class=\"col-inner\"  >\n\t\t\t\n\t\t\t\n<div class=\"row\"  id=\"row-606186131\">\n\n\t<div id=\"col-1354557213\" class=\"col medium-4 small-12 large-4\"  >\n\t\t\t\t<div class=\"col-inner text-left\"  >\n\t\t\t\n\t\t\t\n\t<div id=\"text-3463896625\" class=\"text\">\n\t\t\n<p class=\"alt-font\"><span style=\"font-size: 150%;\"><strong>Wir finden eine L\u00f6sung \u2026<\/strong><\/span><\/p>\n\t\t\n<style>\n#text-3463896625 {\n  text-align: center;\n}\n<\/style>\n\t<\/div>\n\t\n\t\t<\/div>\n\t\t\t\t\t<\/div>\n\n\t\n\n\t<div id=\"col-1026729615\" class=\"col medium-3 small-12 large-3\"  >\n\t\t\t\t<div class=\"col-inner\"  >\n\t\t\t\n\t\t\t\n\t<div class=\"img has-hover x md-x lg-x y md-y lg-y\" id=\"image_96621826\">\n\t\t\t\t\t\t\t\t<div class=\"img-inner dark\" >\n\t\t\t<img width=\"484\" height=\"202\" src=\"https:\/\/www.mediationloest.at\/wp-content\/uploads\/2023\/01\/pikto05-e1674672476955.png\" class=\"attachment-large size-large\" alt=\"\" decoding=\"async\" \/>\t\t\t\t\t\t\n\t\t\t\t\t<\/div>\n\t\t\t\t\t\t\t\t\n<style>\n#image_96621826 {\n  width: 100%;\n}\n<\/style>\n\t<\/div>\n\t\n\t\t<\/div>\n\t\t\t\t\t<\/div>\n\n\t\n\n\t<div id=\"col-535381359\" class=\"col medium-5 small-12 large-5\"  >\n\t\t\t\t<div class=\"col-inner\"  >\n\t\t\t\n\t\t\t\n\t<div id=\"text-1940979098\" class=\"text\">\n\t\t\n<p class=\"alt-font\"><span style=\"font-size: 150%;\"><strong>\u2026 gemeinsam!<\/strong><\/span><\/p>\n\t\t\n<style>\n#text-1940979098 {\n  text-align: center;\n}\n<\/style>\n\t<\/div>\n\t\n\t\t<\/div>\n\t\t\t\t\t<\/div>\n\n\t\n<\/div>\n\t<div id=\"text-2245805174\" class=\"text\">\n\t\t\n<h2 style=\"text-align: center;\">Phase 5 \u2013 die Mediationsvereinbarung<\/h2>\n\t\t\n<style>\n#text-2245805174 {\n  font-size: 1.25rem;\n}\n<\/style>\n\t<\/div>\n\t\n\t\t<\/div>\n\t\t\t\t\t<\/div>\n\n\t\n<\/div>\n<p style=\"font-weight: 400; text-align: left;\">Am Ende der Mediation schlie\u00dfen die Mediand:innen eine einvernehmliche Vereinbarung. Der Mediator verschriftlicht die gemeinsam erarbeiteten L\u00f6sungen und die Medianden best\u00e4tigen ihre \u00dcbereinkunft mit einer Unterschrift. In vielen F\u00e4llen, in denen rechtlich relevante Angelegenheiten betroffen sind, ist eine zus\u00e4tzliche Pr\u00fcfung durch eine Juristin bzw. eine notarielle Beglaubigung empfehlenswert.<\/p>\n","protected":false},"excerpt":{"rendered":"<p>In einem Erstgespr\u00e4ch lernen sich die Mediand:innen und der Mediator kennen. Wichtig dabei ist herauszufinden, ob Medianden und Mediatoren zusammenarbeiten k\u00f6nnen und wollen. Danach werden die Erwartungen an die Mediation gekl\u00e4rt und festgestellt, ob eine Mediation der geeignete Prozess zur Konfliktbeilegung sein kann. Der\/die Mediator:in\u00a0erkl\u00e4rt den Ablauf, die Rahmenbedingungen (genauer Auftrag, Kosten, Dauer, etc.) und [&#8230;]\n","protected":false},"author":1,"featured_media":0,"parent":0,"menu_order":0,"comment_status":"closed","ping_status":"closed","template":"","meta":[],"_links":{"self":[{"href":"https:\/\/www.mediationloest.at\/home\/wp-json\/wp\/v2\/pages\/712"}],"collection":[{"href":"https:\/\/www.mediationloest.at\/home\/wp-json\/wp\/v2\/pages"}],"about":[{"href":"https:\/\/www.mediationloest.at\/home\/wp-json\/wp\/v2\/types\/page"}],"author":[{"embeddable":true,"href":"https:\/\/www.mediationloest.at\/home\/wp-json\/wp\/v2\/users\/1"}],"replies":[{"embeddable":true,"href":"https:\/\/www.mediationloest.at\/home\/wp-json\/wp\/v2\/comments?post=712"}],"version-history":[{"count":11,"href":"https:\/\/www.mediationloest.at\/home\/wp-json\/wp\/v2\/pages\/712\/revisions"}],"predecessor-version":[{"id":2890,"href":"https:\/\/www.mediationloest.at\/home\/wp-json\/wp\/v2\/pages\/712\/revisions\/2890"}],"wp:attachment":[{"href":"https:\/\/www.mediationloest.at\/home\/wp-json\/wp\/v2\/media?parent=712"}],"curies":[{"name":"wp","href":"https:\/\/api.w.org\/{rel}","templated":true}]}}